(f) = 59*f**2 - 40*f + 325. What are the prime factors of p(15)?
2, 5, 13
Let u(i) = 2*i**3 - 83*i**2 - 44*i + 97. Let k be u(42). Suppose 0 = 6*b + k*b - 11495. List the prime factors of b.
5, 11
Let d be (0 + -1 - -2)*(-33 + 32). What are the prime factors of -2 + 5 + d + 2412/9?
2, 3, 5
Let w(l) = 282*l**3 - l - 1. Let s be w(1). Suppose r = -p + s, 2*p + 3*r - 564 = -r. What are the prime factors of p?
2, 139
Suppose 4*s + 22*i = 18*i + 46028, 0 = -3*s + 3*i + 34527. What are the prime factors of s?
2, 3, 7, 137
Suppose -t - 1168 - 58 = 0. Let s = t - -1820. What are the prime factors of s?
2, 3, 11
Let z(p) = 7*p + 11 + 5*p + 25*p**2 - 18*p + 11*p + 8. List the prime factors of z(-7).
3, 13, 31
Suppose -4*t = -43198 - 109474. What are the prime factors of t?
2, 13, 367
Let g(p) = 7*p + 14 - 3*p - 46343*p**2 + 46344*p**2. Suppose -4*d - 15 = 2*c + d, -2*d = -2. What are the prime factors of g(c)?
2, 37
Let d be (-276)/(-84) - 4/14. Let f be (-1 + 2074)/(d/2). Suppose -10*o = -f - 28. List the prime factors of o.
3, 47
Let o be -2 + 8 + 0 + -6. Suppose x = -o*x + 427. List the prime factors of x.
7, 61
Let j(q) = 130*q + 29. Suppose -5*n - 28 = -48. List the prime factors of j(n).
3, 61
Let n(g) = g**2 - 21. Let d(y) = 2*y**2 - y - 44. Let x(b) = 6*d(b) - 13*n(b). Let s be x(-6). What are the prime factors of (-6)/(-8) - (s + 505/(-4))?
2, 59
Suppose 3*t + 14 - 107 = 0. Suppose -1186 - 1108 = -t*u. What are the prime factors of u?
2, 37
Let k be 10/25 + 7/(-5). Let v be ((-4)/8)/(k/(-6)). What are the prime factors of -1 - v*-1*(-246)/9?
3
List the prime factors of (-44 + 28)*(-6)/4*17084/6.
2, 4271
Let a be (1 - (-25)/(-3))/((-20)/30). Suppose 403 = a*b - 2765. What are the prime factors of b?
2, 3
Let z = 118 - 85. Let g(c) = -310*c - 1. Let y be g(-1). Suppose -z = -5*i - 4*d + y, -2*d - 324 = -5*i. What are the prime factors of i?
2, 3, 11
Let j(i) = -730*i + 574. What are the prime factors of j(-9)?
2, 19, 47
Suppose -17*s = -15*s + 3*z - 3574, -3570 = -2*s - 5*z. List the prime factors of s.
2, 5, 179
Let t(y) = 4*y**2 + 70*y + 760. What are the prime factors of t(-75)?
2, 5, 1801
Let y(a) = 393*a**2 - 38*a + 77. List the prime factors of y(12).
67, 839
Let l be ((-1)/((-1)/3))/(45/960). Let t = l + -32. Let g = t - 22. List the prime factors of g.
2, 5
Let f(b) = 10*b - 192. Let v be f(20). Suppose -10*m - 1135 = -5*w - v*m, 5*w + m = 1150. List the prime factors of w.
229
Suppose -5*x - 17 = 23. Suppose 0 = 2*g + 4*u + 16, -5*u - 38 = -23. List the prime factors of -2*(g/(x/(-202)) - 2).
3, 5, 7
Suppose -156118 = -21*x + 284561 + 12921. List the prime factors of x.
2, 3, 5
Suppose -41*t - 4*t + 275937 = 2*t. List the prime factors of t.
3, 19, 103
Suppose -h + 3041 = -3*y, h = 3*y - h + 3046. Let s = y - -1651. List the prime factors of s.
3, 71
Let o(x) = x**2 + 12*x - 5. Let c be o(-9). Let y(z) = z**3 - 4*z**2 - 7*z + 8. Let l be y(5). List the prime factors of (-8)/c + (87/4 - l).
2, 3
Suppose -4*w = 8*w + 1464. Let d = w - -327. List the prime factors of d.
5, 41
Let r(q) = 3*q**2 + 17*q - 42. Let x be r(15). Let b = x - 264. What are the prime factors of b?
2, 3, 13
Let r(q) be the first derivative of 1/4*q**4 + 24*q - 10/3*q**3 - 7 + 1/2*q**2. What are the prime factors of r(10)?
2, 17
Let i = 10 - -11. Suppose -230*w + 1490 = 110. Suppose -w*n = n - i. What are the prime factors of n?
3
Let r(o) be the third derivative of o**8/5040 - o**6/80 - o**5/20 + 14*o**2. Let a(k) be the third derivative of r(k). List the prime factors of a(4).
5, 11
Suppose 0 = -13*w + 7*w + 1704. Let h = w + 266. List the prime factors of h.
2, 5, 11
Let u be -3 + 1 + -5 + 1524. Suppose -3*o = 4*f - 2051, -f = 2*f - 2*o - u. What are the prime factors of f?
509
Let g = -40028 + 57007. List the prime factors of g.
16979
Suppose 9*p = 4*p - 35. Let y(t) = 2*t**3 - 3*t**2 - 7*t - 12. Let d be y(p). List the prime factors of (-2)/((d/788 - -3) + -2).
197
Let t be (5329/(-3))/(10/(-30)). Suppose 0 = -g, 4*k = -5*g + 207 + t. What are the prime factors of k?
2, 173
Let g(a) = -3*a - 12. Let t = -48 - -42. Let p be g(t). Let i(q) = q**3 - 4*q**2 + 3*q + 10. List the prime factors of i(p).
2, 5
Let d(w) = -w**3 + 13*w**2 - 37*w - 14. Let m be d(8). List the prime factors of (228/8)/((6 - m)/(-24)).
3, 19
Let t(x) = 285*x**2 + 51*x + 169. Let p(q) = -142*q**2 - 26*q - 86. Let z(n) = -7*p(n) - 3*t(n). List the prime factors of z(-3).
1259
Let s be -1 + -1 + 2 + 0. Suppose f + 13 = 13*n - 9*n, 2*f - 34 = -4*n. Suppose v - 2*z = 130, 3*z + 664 = n*v - s*z. What are the prime factors of v?
2, 67
Let t = 25752 + -12787. List the prime factors of t.
5, 2593
Let t be (-100)/(-16) + (-15)/(-20). Let p = t - 4. Suppose -5*v = -2*x + 92, -p*v + 48 + 76 = 2*x. List the prime factors of x.
2, 7
What are the prime factors of 12732 + ((-33)/(-3) - -3)?
2, 6373
Let s = -753 + 751. List the prime factors of (102/153)/(s/(-4797)).
3, 13, 41
Let h(s) = -8*s**3 + 2*s**2 + 3*s + 8. Let z be h(-4). What are the prime factors of (-6 + 5 - 2) + z?
3, 179
Let s = 15210 + -2483. What are the prime factors of s?
11, 13, 89
Let o(p) = p**2 + p - 2. Let l(j) = -5*j**2 - 13*j + 2. Let d(t) = -l(t) + 3*o(t). What are the prime factors of d(-6)?
2, 23
What are the prime factors of (-105282)/12*(-32)/24?
2, 5849
Let k(a) = -573*a**3 + 15*a**2 + 45*a - 2. List the prime factors of k(-3).
31, 499
Suppose 0 = 71*z - 73*z + 62. Suppose 19*n + 14652 = z*n. List the prime factors of n.
3, 11, 37
What are the prime factors of 3233 - (-8 - -15) - (2 + -10)?
2, 3, 7, 11
Suppose 0 = 4*c + 3*n - 3, 3*c = 4*n - 3*n + 12. Suppose -2*x = c*x + 3*o - 3065, -3*x + 1825 = -o. Suppose 0 = -4*y + x + 266. What are the prime factors of y?
3, 73
Let j = -79 + 75. Let z(s) = 8*s + 33. Let c be z(j). Suppose 4*w + 112 = 3*b, -b + w = c - 38. What are the prime factors of b?
2, 3
Suppose u = 3*u + 5*u. Suppose 12*v + 2785 - 7321 = u. What are the prime factors of v?
2, 3, 7
Suppose -15 = -5*z + 1270. Suppose -2619*h - 3960 = -2574*h. Let k = h + z. List the prime factors of k.
13
Let p(k) be the first derivative of 26 + 4/3*k**3 + 3*k**2 + 12*k. What are the prime factors of p(7)?
2, 5
Let p(z) be the third derivative of -15*z**2 + 0 - 1/2*z**3 + 0*z + 5/24*z**4 + 7/10*z**5. What are the prime factors of p(-2)?
5, 31
Let r(u) = -7*u + 151. Let s be r(21). Suppose s*m = 6*m + 3*t - 427, 4*m - 865 = 5*t. List the prime factors of m.
5, 43
Let k(z) = -z**2 + 14*z - 24. Let g be k(12). Suppose 3*t - 7*t + 1412 = g. What are the prime factors of t?
353
Let j(c) = -3*c + 24. Let n be j(7). Suppose z = -5*v + 172, 2*v + 2*z - 66 = n*z. Suppose 60 = v*l - 30*l. List the prime factors of l.
3, 5
List the prime factors of 5290/10 + (-2 - 10 - -4).
521
Suppose 8 + 7 = 3*q + 2*k, -2*k = q - 9. Suppose 42 - 66 = -q*r. Suppose -r*m - 56 = -10*m. List the prime factors of m.
2, 7
Let m(w) be the third derivative of 13*w**5/5 + 7*w**4/24 + 6*w**2 + 6. List the prime factors of m(-2).
2, 5, 61
Let t(l) = 259*l**3 - 3*l**2 + 3*l - 3. Let q be t(2). Suppose -178 = -3*o + q. What are the prime factors of o?
3, 83
Suppose 2*t - 2*x = 26, 2*x - 62 = -5*t + 4*x. What are the prime factors of -2 + 28/t - 317/(-3)?
2, 53
Let a be (-175203)/216 + 2/16. Let n = a - -1280. What are the prime factors of n?
7, 67
Suppose 0 = -2*q + 3 + 1. Suppose n + q = 4. Suppose 4*j + 0*j - 189 = 3*o, -n*j + 2*o = -96. What are the prime factors of j?
3, 5
Let n be 3/(12/18704) + 4. Suppose 8*p + n = 38*p. List the prime factors of p.
2, 3, 13
Suppose 159*k + 124*k - 22207010 = 0. What are the prime factors of k?
2, 5, 7, 19, 59
What are the prime factors of (-212125)/(-175) - (-8)/(-56)?
2, 3, 101
Let a(s) = -23*s - 152. Let r be a(-6). Let t(x) = 3*x**2 + 24*x + 50. What are the prime factors of t(r)?
2, 151
Let h be 5*(17/1 + -4). Let j = h - 29. Let i = j + 26. What are the prime factors of i?
2, 31
Suppose c - 52 = s, -c - 164 = -0*s + 3*s. Let v be ((-10)/15)/(4/s). Suppose -4*g = -v*g + r + 1486, 598 = 2*g - 4*r. List the prime factors of g.
3, 11
Let q be (-41)/4 - (3 - 26/8). Let h be (q/(-6))/((-9)/(-162)). Suppose -390 = -h*i + 25*i. List the prime factors of i.
2, 3, 13
Suppose 5*o - 26856 = -3*x, -14*o = x - 9*o - 8942. List the prime fac